3. What are the prime factors of 6/r*(-114)/4?
19
Let s = 26 + -16. Suppose -s = -5*k + 20. List the prime factors of k.
2, 3
Suppose -9 = -h + 2*h. What are the prime factors of (6/h)/((-4)/66)?
11
Let f(n) = -n**3 - 2*n**2 + 96. List the prime factors of f(0).
2, 3
Let f(o) = -7*o**3 - 2*o + 1. Let u(r) = -15*r**3 - r**2 - 5*r + 3. Let k(p) = -5*f(p) + 2*u(p). What are the prime factors of k(1)?
2
Let l = 6 + -2. Suppose l*w + 8 = 2*w, -3*m + 29 = -2*w. What are the prime factors of m?
7
Let s(k) = -9*k - 14. Let b be s(7). What are the prime factors of 4/22 + (-2373)/b?
31
Suppose -5*z - 5*l = 30, -3*z + 3 = 5*l + 27. What are the prime factors of 1/z + (-240)/(-18)?
13
Let r be (-8)/(-6)*36/(-24). Let h(u) = 3*u - 5*u - 3*u. What are the prime factors of h(r)?
2, 5
Suppose 4*i + i - 3*o = 120, -79 = -4*i - o. List the prime factors of i.
3, 7
Let a = 4 + -2. Suppose 0*o - 20 = -a*o. What are the prime factors of o?
2, 5
Let j(x) = -x**2 - 20*x - 4. What are the prime factors of j(-14)?
2, 5
Suppose -7*c = -67 - 185. What are the prime factors of c?
2, 3
Let l = 44 - 23. Let f = l - -24. Suppose 4*w + w = f. List the prime factors of w.
3
Let s(u) = u**2 + 2*u**2 - 2 - u**3 + 0*u**2. What are the prime factors of s(2)?
2
Suppose -3*s - 3 = -21. Suppose 3*p = s*p - 48. List the prime factors of p.
2
Let u(t) = -7*t. Let o be u(-1). Let g(c) = -c**3 + 8*c**2 - 5*c - 9. List the prime factors of g(o).
5
What are the prime factors of 9*4/6 - -3?
3
What are the prime factors of 2/(-7) - (-6568)/56?
3, 13
Let j be 15/10*4/(-6). Let b = j - -1. Suppose b*v - 2*v - 60 = -5*r, -3*r - 3*v = -36. What are the prime factors of r?
2, 3
Let j(p) = -p**3 + 6*p**2 - 5*p. Let z be (5/3)/((-4)/(-12)). Let d be j(z). Suppose -3*h + 15 + 6 = d. What are the prime factors of h?
7
Let u(m) = -m**2 + 2*m**2 + m**2 + 3 - 5*m - 3*m**2. List the prime factors of u(-4).
7
Let r(c) = c**2 - 3. What are the prime factors of r(-7)?
2, 23
Suppose 160 = z + z. Let x = z - 53. What are the prime factors of x?
3
Suppose 0 = 5*f - 2*p - 112, -f + 1 + 31 = 2*p. Suppose -f = -t - t. Let j = 32 - t. List the prime factors of j.
2, 5
Suppose t = -0*t + 10. List the prime factors of t.
2, 5
Suppose -u + 123 - 506 = -5*d, -3*u = -5*d + 389. Suppose 5*g = d - 26. What are the prime factors of g?
2, 5
Suppose 20 = 2*l + 3*l. Let u(g) = -g**2 + 4*g + 3. List the prime factors of u(l).
3
Suppose 2*l - 4*f = -3*l + 184, 0 = -3*l - 3*f + 105. What are the prime factors of l?
2, 3
Let o be ((-32)/20)/(1/5). What are the prime factors of (-264)/(-16)*o/(-3)?
2, 11
Suppose 25 = 5*k, -4*k + 16 = u - 19. List the prime factors of u.
3, 5
What are the prime factors of -1 + 12/15 + (-1984)/(-20)?
3, 11
Suppose -2*g + 4 = -2. Suppose 0 = 5*j - 1 - 9. Suppose 1 - g = -5*r + 4*h, -j*h + 10 = 3*r. What are the prime factors of r?
2
Let g(h) = h**2 - 7*h + 10. Let k be (9/1)/(-1 - -2). Let t be k + -2 - (1 + -1). List the prime factors of g(t).
2, 5
Let g(d) = -5 + 5*d + 0*d**2 + d**2 + 8. What are the prime factors of g(-5)?
3
Suppose -x - 1 = -p + 6, -65 = -5*p - 5*x. Suppose -4*u = 3*b - 129, 3*u - 65 - p = 5*b. What are the prime factors of u?
2, 3, 5
Let q = 4 - -94. What are the prime factors of q?
2, 7
Suppose -33 = 2*x + 11. Let f be 0 - ((0 - -2) + 14). Let d = f - x. What are the prime factors of d?
2, 3
Let y(w) = -8*w + 63. What are the prime factors of y(-24)?
3, 5, 17
Let q = 154 - 134. List the prime factors of q.
2, 5
Let h(g) = 5*g**2 + 6*g + 6. Let u(n) = 4*n**2 + 5*n + 6. Let z(y) = -3*h(y) + 4*u(y). Let i(v) = -3*v - 1. Let r be i(1). What are the prime factors of z(r)?
2, 7
List the prime factors of 0 + 2 - (-798)/(-6 + 12).
3, 5
Let y = -3 - -8. Let q = 16 - y. What are the prime factors of q?
11
Let g be (-78)/(-9)*6/(-4). Let n = 26 + g. List the prime factors of n.
13
Suppose c - 4*c + w = -92, -4*c = -5*w - 119. What are the prime factors of c?
31
List the prime factors of (-4)/26 + 2490/130.
19
Suppose -7*i + 24 = -3*i. What are the prime factors of i?
2, 3
Let t(d) = d + 41. List the prime factors of t(-17).
2, 3
Suppose 4*w = 0, a + 3*w = -4*a - 75. Let j = 32 + a. What are the prime factors of j?
17
List the prime factors of (-2)/5*18/(-12)*335.
3, 67
List the prime factors of 45 + -1 - (1 + -3).
2, 23
Let k(d) = d - 9. Let p be k(8). Let j = p - -5. What are the prime factors of (2 - 1) + j + -1?
2
Let y(w) = w**2 + 5*w - 10. Let g be y(-7). Let d(u) = 4*u**2 + 4*u - 2. Let o be d(g). Suppose 5*i = o - 28. List the prime factors of i.
2, 5
Let r be (332/6)/(2/3). Suppose -4*l - r = -231. What are the prime factors of l?
37
Let i = 5 + 1. Suppose v - 3*n - 17 = -3, 0 = -3*n - i. What are the prime factors of v?
2
Let z = -62 + 95. Suppose -4*j = -31 - z. What are the prime factors of j?
2
Let m(s) = -s + 2. Let g be 0 - (-2)/(-1) - 34. Let n = g + 26. What are the prime factors of m(n)?
2, 3
Suppose o - 15 = -5*z, -o + 1 = -z + 4. Let l(v) = 2 - 2 + 4*v + z. List the prime factors of l(3).
3, 5
Let u(c) = -7. Let i(y) = -y. Let v(k) = i(k) - u(k). Let t(g) = g + 1. Let x(q) = 2*t(q) + v(q). What are the prime factors of x(-7)?
2
Suppose -g - 3 - 9 = 0. Let s be (-52)/g - (-4)/6. Let m = 7 + s. List the prime factors of m.
2, 3
Suppose -1 = -h, 108 = 5*m - 4*h - 533. Suppose -5*d + m = -6*g + 2*g, 5*g = -5. List the prime factors of d.
5
Suppose -24 = -5*i + y, 2*i = 4*i - 3*y - 7. Suppose 3*j - z - 14 = 0, -4*j - 5*z + 23 = -2*z. Let f = j + i. What are the prime factors of f?
2, 5
Suppose 3*r - 2*q - 103 = -7*q, 0 = 2*r - 2*q - 42. What are the prime factors of r?
2, 13
Let j be -2*2/(-4) - 11. Let h(t) be the second derivative of t**5/20 + 5*t**4/6 - t**3/3 - 13*t**2/2 - 2*t. What are the prime factors of h(j)?
7
List the prime factors of (-336 - 2)/(-1) + -2 + -2.
2, 167
Let k = -4 + 6. Suppose -3*v + 41 = 3*s + k, -s = -3*v - 9. What are the prime factors of s?
2, 3
Let x = 3 + -1. Suppose 4*y = x*y + 6. What are the prime factors of y?
3
Suppose 24 + 1 = -3*l + 5*x, 5*l - x + 5 = 0. Suppose 36 = 3*r - l*r. What are the prime factors of r?
2, 3
Suppose -4*y - 5*d + 704 = 0, -2*y = 2*y + 4*d - 700. List the prime factors of y.
3, 19
Let f(a) = a**3 + 6*a**2 + 4*a - 2. Let n be f(-5). Let c be n/(-3) + 2 + -1. Suppose 6*d - p - 24 = d, -p - 4 = c. What are the prime factors of d?
2
Let k(i) = i**2 - 2*i. Let m be k(3). Suppose -4 = -w - m*w. What are the prime factors of 4/(w/((-9)/(-6)))?
2, 3
Let t = -2 - -2. Suppose t = 3*b - 102 + 588. What are the prime factors of (-4)/16 + b/(-8)?
2, 5
List the prime factors of (-7)/14*(-72)/1.
2, 3
Suppose 4*r + 2 = l, 3*l + r - 20 = -r. Suppose l*g - 190 = g. List the prime factors of g.
2, 19
Let z(v) = -5*v + 1. Let i be 0 - -3 - (-18)/(-3). What are the prime factors of z(i)?
2
Let i = -495 + 831. What are the prime factors of i?
2, 3, 7
Suppose 5*a - 5 = -5*t + 35, -4 = -3*t + a. Suppose 3*r - 4*r = -t*q - 13, -2*r - 5*q - 7 = 0. List the prime factors of ((-1)/(-3))/(r/24).
2
Let k(g) = 14*g**3 - g**2 + g. Let s be k(1). Let n = s + -9. Suppose -3*c - 5*y + 2 = -34, -c = -n*y - 12. List the prime factors of c.
2, 3
Let a = 55 + -33. What are the prime factors of a?
2, 11
Let c be (-1 - -2) + 0 + 10. Suppose 0 = -2*j + c - 1. Suppose 0 = -j*m + 28 + 32. List the prime factors of m.
2, 3
Let i(g) = g**3 - 6*g**2 + 6*g - 2. Let f be i(5). Suppose -f*p = -2*p + 3. List the prime factors of 1/((-1)/33*p).
11
Let q(j) = -j**3 + 2*j**2 - j. Let x be q(2). Let u = x - -5. List the prime factors of u.
3
Let s(j) = 2*j**2 - 4*j + 32. What are the prime factors of s(6)?
2, 5
Let i(g) = -g**3 - 4*g**2 + 3*g + 3. Let n be i(-5). Let h = -8 + n. List the prime factors of h.
5
Let k(o) = o**3 - o**2 + o + 3. Suppose -5*c = 3*s + 26, -c + 10 = -2*c - 3*s. Let m = 4 + c. What are the prime factors of k(m)?
3
Let d(k) = -k + 3. Let c(l) = l**3 - l**2 - 4. Let w be c(0). List the prime factors of d(w).
7
Suppose z = -0*z + 5*f - 30, 0 = 3*z + f + 26. List the prime factors of 7/(-35) - 332/z.
3, 11
Let c(h) = h**2 + 3*h - 7. Let s be c(-5). Let o(v) = -v**2 + s - 9*v + 12*v + 4*v. List the prime factors of o(5).
13
Let c = 7 + -5. Suppose 0 = -4*z - 3*g + 45, -15 = -3*z + c*g + 6. What are the prime factors of z?
3
Let w = 17 + -10. S